p + 2*p**2 - p**g + 0*p**3. Give j(2).
0
Let s(p) = 2 + 1 + 66*p + p**2 - 65*p + 1. Calculate s(3).
16
Let h(f) be the second derivative of 0 + 1/20*f**5 - 6*f + 1/2*f**2 + 1/3*f**4 - 7/6*f**3. Give h(-5).
11
Let p(v) = -v**2 + 6*v. Suppose 0 = 3*n - 5 - 13. Let t be p(n). Let f(u) = -3*u - 6. Let c(z) = -2*z - 3. Let s(k) = 5*c(k) - 3*f(k). Calculate s(t).
3
Let x(f) = 4*f + 7. Suppose -t = -3*t + 4, 0 = -4*v - 4*t - 12. Give x(v).
-13
Let s(g) = 4 - 5 - 2*g**2 + 1 + g**3 + 3*g. Suppose -t = -0*t - 2. Give s(t).
6
Let a(j) = 5*j**3 + 2*j**2 - 2*j + 1. Suppose v + 4*g - 5 = 0, -4*v + 5*g + 2 - 3 = 0. Calculate a(v).
6
Let y(w) = 3*w**2 - 13*w + 1. Let q(f) = f**2 - f - 1. Let m(z) = 2*q(z) - y(z). Determine m(10).
7
Suppose 4*v + 2*m = 17 + 17, 4*m = -5*v + 50. Let t(c) = -c**2 + 8*c - 2. Determine t(v).
10
Suppose -3*v + 6 = -0. Let j(a) = -a**3 + 2*a**2 - a + 1. What is j(v)?
-1
Let q(f) = -1 + 0*f - f**2 + 7 - 4*f + f. Let g be -1*(3 + 6/3). Determine q(g).
-4
Suppose -6*g = -4*g. Let m(o) = -o + 7. Determine m(g).
7
Suppose -5 = -5*r + 5. Suppose 3*x + r*x = 10. Let d(o) = -1 + 2*o**x + 0 - 2*o + 8*o**2. Calculate d(-1).
11
Let m(h) = -2*h**3 - h**2 - 1. Let d be 2 - 5/((-15)/(-12)). What is m(d)?
11
Let z(c) = c + 3. Let m = -20 - -16. Let d be 252/(-70) - m/(-10). Calculate z(d).
-1
Let u(q) be the first derivative of -q**2/2 - q + 2. Let d(f) = -f**2 + 10*f + 1. Let a be d(9). Let b be 1 - -2 - a/(-5). Determine u(b).
-6
Let t(n) = -1 + n**2 - 2*n**2 + 2*n + 2*n**2. Let s = -12 - -8. Let w = -6 - s. Give t(w).
-1
Let o(k) = -2 + k + 8 - 5 - 2. Determine o(2).
1
Let t(c) = -c**3 + 4*c + 1 + 2*c**3 + 3*c**2 - c. Suppose -5*r = -q + 15, 4*r - 2*q + 6*q = 12. Give t(r).
-1
Let r(o) = o + 6. Let i be r(-12). Let u(v) = -v. Calculate u(i).
6
Let r(d) = d**3 + d + 6. Let z(u) = u**3 + 7*u**2 + u + 9. Let p be z(-7). Let x = p - 0. Suppose 0 = -5*j + x*a + 8, -j = 2*a + 4 + 4. Give r(j).
6
Let b(q) = -q + 3. Suppose -p = -m - 1, -5*m + 4 = -p - 11. Suppose -3*o = -2*w - 2, -2*o + 3 = w + m. Calculate b(o).
3
Let n be ((-1)/(-3))/((-2)/(-6)). Let h(o) = 4*o**2 + 1 + n - 3*o**2 - 6*o + 1. What is h(4)?
-5
Let t(r) = r**3 + 6*r**2 - 7*r - 5. Let i(f) = f**3 + 7*f**2 - 8*f - 6. Let g(b) = 2*i(b) - 3*t(b). What is g(-5)?
3
Let x = 8 - 5. Let k(l) = -l**2 + 4*l. Let j(w) = -w + 1. Let a(f) = 2*j(f) + k(f). Calculate a(x).
-1
Let y(o) be the second derivative of o**5/4 - o**4/6 + o**3/3 - o**2/2 + 2*o. Let x(h) = -h**3 + 5*h**2 + 6*h + 1. Let i = 0 - -6. Let r be x(i). Give y(r).
4
Let c = 15 + -18. Let l(i) = i**3 + i**2 - 2*i + 4. What is l(c)?
-8
Let q(x) = -6 + 0*x**2 + 0*x**3 - x - 3*x - x**3 - 6*x**2. Let b be (-9)/((-2)/(2 - 0)). Suppose 0 = -h - 4*j + 3, b = -3*h - 0*j - 3*j. Give q(h).
-11
Let x = 23 - 19. Let z(v) = -v**3 + 5*v**2 - 7*v + 6. Determine z(x).
-6
Suppose 4*f - l = -f - 25, 0 = 2*l - 10. Let u(s) = s**3 + 5*s**2 + 6*s + 6. What is u(f)?
-2
Let r(s) = s**3 + 5*s**2 - s - 5. Let c be r(-5). Let j(x) be the second derivative of 1/2*x**2 - 1/6*x**3 + c + x. What is j(1)?
0
Suppose -i = -w, 3*i = w + w + 2. Let q(j) = 3 + j**3 + i*j**2 - 4*j + 7*j + 2*j**2 - j**2. Calculate q(-2).
1
Let y(i) = 5*i**2 - i**3 - 43*i - 2*i**2 + 47*i + 4. What is y(4)?
4
Let s(u) be the second derivative of -u**3/6 - 3*u**2/2 - 2*u. Suppose 0 = 3*t - 2*t - 3*m + 8, 16 = -3*t + 5*m. Let n be -6 - t/(2 - 0). What is s(n)?
2
Let x(k) be the first derivative of -1/2*k**2 + 5/3*k**3 - 4*k + 1/4*k**4 - 4. Calculate x(-5).
1
Suppose -5*k + 20 = -5*f + 4*f, k = -2*f - 7. Let n(z) be the second derivative of z**5/20 - z**4/3 + z**3/3 - z**2/2 - 19*z. Determine n(k).
-4
Suppose -q + 3 = 2*q. Suppose -19 = -4*a - 7. Let y(n) = -n + n**2 - 2*n**2 + q + a*n. Calculate y(2).
1
Let n(p) = -p**2 + 4*p + 1. Let v(k) = -k - 1. Let m(a) = n(a) - v(a). Let d(g) = g**3 - 3*g**2 - 3*g + 2. Let x be d(4). What is m(x)?
-4
Let y = -84 + 337/4. Let m(p) be the first derivative of 4*p + 2*p**2 - 1 - y*p**4 - p**3. Calculate m(-4).
4
Let r(s) = -s**3 + 8*s**2 - 7*s - 2. Let m = -17 + 23. What is r(m)?
28
Let d be (-8)/12 + 22/6. Let i = d + -1. Let w(n) = n + n - 3*n - 1 + n**i - 1. Determine w(-3).
10
Let w(a) = 3*a - 14. Let p(x) = -x + 7. Let m(k) = -7*p(k) - 3*w(k). Let i = 0 + 3. Suppose 5*j = -3*d - 40, d = i*j - 2*j. What is m(j)?
3
Let t(n) = -n + 1. Let o(z) = -10*z + 7. Let j(s) = 2*o(s) - 18*t(s). Let u = -8 + 12. Suppose u*f + 6 + 18 = 0. Give j(f).
8
Let t(k) = -2*k - 5. Let z be t(-4). Let q(a) = z*a + 1 - 5 + 1. Calculate q(2).
3
Let o(q) = -q**2 - 4*q - 4. Let a be 12/20 - 26/10. Suppose 3*i = 5 + 4. Let v be 1*2*i/a. What is o(v)?
-1
Let r = -18 + 18. Let v(x) = -x - 4 + 2 + r*x. Determine v(2).
-4
Let q(d) = -68*d + 2. Let z be q(-1). Let s be z/(-15) + (-1)/3. Let m(k) = -k - 7. What is m(s)?
-2
Let x(q) = q**3 - 5*q**2 + 4*q. Let p be x(3). Let u(m) be the second derivative of m**3/3 + m**2/2 - 2*m. What is u(p)?
-11
Let w(u) = 10*u. Let b(z) = z**3 - 8*z**2 + z - 9. Let l be b(8). Let r be -2 - 0/2 - l. Determine w(r).
-10
Let n(l) = 8*l - 1. Let z(v) = 8*v - 1. Let t(h) = 3*n(h) - 2*z(h). Calculate t(1).
7
Let w = -5 - -1. Let q(f) be the second derivative of f**4/12 + f**3/3 - f**2 + 9*f. What is q(w)?
6
Let b(i) = -i**3 - 6*i**2 + 8*i + 2. Let l(p) = p**2 - 8*p - 7. Let v be l(8). Give b(v).
-5
Let z(l) be the first derivative of -l**2/2 + 7*l + 3. Let u(g) = g**2 - 3. Let w be u(-3). Suppose 2*y = w*n - n + 10, 4*n + 5 = y. Give z(y).
2
Let p(k) = -k**3 + 5*k**2 - 4*k. Let x be p(4). Let i(u) = u**2 + 3. Calculate i(x).
3
Let f(p) be the second derivative of 0 - 2*p**2 - 2*p - 1/12*p**4 + 2/3*p**3. Suppose m - 16 = -3*m - 4*s, -3*s + 3 = 0. What is f(m)?
-1
Suppose 0 = -2*t + 7*t. Suppose r = -6*j + 2*j - 7, -j + 4*r - 6 = t. Let l(b) = b**3 + 2*b**2 - b. Calculate l(j).
2
Let c(g) = -g**3 - 4*g**2 - 5*g + 4. Let k(v) = v**2 - v. Let q(m) = c(m) - 2*k(m). Give q(-5).
-6
Let i(r) = 4*r - 1. Suppose 0*m - 2*m = 10. Let p(o) = -3*o. Let u(h) = m*i(h) - 6*p(h). Suppose 5*q - 25 = -0. What is u(q)?
-5
Let s = 4 - 6. Let g(f) = f**3 + 3*f**2 + 2*f - 2. Let u be g(s). Let x(i) = -i - 2. Let v(k) = -k. Let o(h) = 3*v(h) - x(h). Determine o(u).
6
Suppose -12 = -h - 4. Let i be h/(-6) - 2/3. Let t(k) = -2*k - 1. Give t(i).
3
Let f be ((-2)/(-5))/((-1)/5). Let r = 3 - 1. Let y(o) = 3*o + o**2 - o + 2 - 2*o**r. Give y(f).
-6
Suppose -5*p - 5*v + 15 = -0, -3*p - 4*v + 6 = 0. Let r(k) be the first derivative of k**2/2 - 4*k + 2. Calculate r(p).
2
Let v(g) = -9*g - 2*g + 10*g + 5. What is v(4)?
1
Let z(n) be the second derivative of n**4/12 - n**3/2 - n**2 - 13*n. What is z(4)?
2
Suppose 4*v - 9 + 1 = 0. Suppose -14 = -2*f - 4*y, -f + 16 = v*f + 5*y. Let k(q) = -2*q + 2. Determine k(f).
8
Let r be (-8)/(-12) - (-2)/6. Let d = -3 + r. Let a = -6 - d. Let v(c) = -c**3 - 3*c**2 + 6*c + 6. Calculate v(a).
-2
Let v(r) be the first derivative of 4 + 4*r + 1/2*r**2. Let n = 1 - -2. What is v(n)?
7
Suppose -28 = -2*i + 5*r, -2*r = 5 + 3. Let s = 0 - -4. Let q(b) = b - s*b + 4*b - 8. Calculate q(i).
-4
Suppose 3*a - 13 = -7. Let i(g) = 3*g - 2 + 2*g**2 - 3*g**2 + g**2 + g**2. Calculate i(a).
8
Let v = -92 - -94. Let r(o) be the third derivative of 0*o**3 + 1/120*o**6 + 0*o**4 + 0*o + 1/30*o**5 + 4*o**v + 0. Give r(-1).
1
Let n(u) = u + 13. Let d be n(-8). Let r(g) = 23*g**2 - 24*g**2 + 2*g + d - 6*g - g. Give r(-5).
5
Let y = -5 + 10. Suppose 2 = y*w - 3. Suppose 4 + w = -5*q. Let c(a) = 2*a**3 - a**2. Calculate c(q).
-3
Let n(l) = -l**3 - 6*l**2 - 5*l + 2. Suppose 35*p + 5 = 34*p. Give n(p).
2
Let t(b) = -b + 19. Let c be t(10). Let w(h) = -h**3 + 8*h**2 + 8*h + 3. What is w(c)?
-6
Suppose -5*x = -14 + 34. Let w(m) = -m**3 - 5*m**2 - 5*m. Determine w(x).
4
Let c(f) = -3 + 4 - 3 - 3*f. What is c(-4)?
10
Let u be 0 - (-3 + 3 + -2). Let n(h) = 2*h**2 - h + 1 + 1 - u*h + h**3 - 5. Give n(-2).
3
Let q(n) = n**3 - 6*n - 3*n**3 + 0 + 2 - 6*n**2 + n**3. Suppose -6 = -2*z + 4*f, -z - f = -3*z - 6. What is q(z)?
7
Let c(q) = q**2 + 2*q - 7. Let h be 1*8 + -1 - 2. Let s = h + -2. Suppose -s*o = -2*v + 23, v = 2*o - 2*v + 22. Determine c(o).
8
Let x(l) = -l**2 - 1. Let i(a) = -a + 23. Let h be i(25). Determine x(h).
-5
Let d(c) be the first derivative of c**3/3 + c**2 + 2*c - 1. Let r 